 are the prime factors of 42 + (g - 4) - 0?
2, 11
Let z be 7/9 - (-20)/90. What are the prime factors of ((-472)/16)/(z/(-2))?
59
Suppose 2*s = -2*v + 216, -5*s + 0*v = -2*v - 554. Suppose 0 = -5*q - 3*f + 191, -2*q - 4*f + s - 42 = 0. What are the prime factors of q?
2, 5
Let n be (-5 + 8)/((-6)/(-62)). Let g = -14 + n. Let u = 34 - g. List the prime factors of u.
17
Let k(q) = -q**3 - 9*q**2 + 8*q - 9. Let z(c) = c**2 + 6*c - 9. Let m be z(2). Suppose 30 = m*y - 10*y. What are the prime factors of k(y)?
11
Let s(j) = 64*j**2 + 5*j - 4. List the prime factors of s(2).
2, 131
Let s = -7 + -2. Let w = s - -13. Suppose -16 = 4*h, 0*j - 176 = -w*j + h. List the prime factors of j.
43
Let z be ((-3)/(-3))/((-3)/(-6)). Suppose 119 = z*u + 29. What are the prime factors of u?
3, 5
Let i = -6346 + 10515. What are the prime factors of i?
11, 379
Let m(g) = g + 1. Let b be m(-4). Let y(j) = j**3 - 14*j**2 - 16*j + 18. Let d be y(15). List the prime factors of (-26)/b*d/1.
2, 13
Let m = 1346 + -5. List the prime factors of m.
3, 149
List the prime factors of 722778/350 + -12 - 4/50.
2053
Let a be 7 + (4 - (-3 - -11)). Let r be a + (0 + 2)*1. Let u(x) = -x**2 + 7*x + 2. What are the prime factors of u(r)?
2, 3
Let d be ((-115)/(-10))/((-1)/(-2)). Let n = 11 - d. Let x = n - -18. List the prime factors of x.
2, 3
Let w(g) = 4*g + 7. Let y be w(-6). Let z = y - -29. List the prime factors of z.
2, 3
Let l(o) = 6*o**2 + 72*o + 63. List the prime factors of l(-22).
3, 461
Let p = 392 + 207. List the prime factors of p.
599
Suppose 2*z + 0*z + 5*q + 13 = 0, 5*z - 15 = -3*q. What are the prime factors of ((-8)/z)/(8/(-336))?
2, 7
Suppose 0 = -20*o + 2*o - 2916. What are the prime factors of 2 + (-5 - 0) - o?
3, 53
Suppose -57*i + 43*i + 56 = 0. What are the prime factors of i?
2
Suppose 194*o = 201*o - 399. List the prime factors of o.
3, 19
List the prime factors of -12 - (-108)/6 - (-3613 - 1).
2, 5, 181
Suppose 3*m = 5*p + 1363, -1796 = -m - 3*m - 4*p. What are the prime factors of m?
11, 41
Let k(v) = 26*v**2 - 59. What are the prime factors of k(6)?
877
Let w(b) = -861*b - 462. What are the prime factors of w(-5)?
3, 7, 61
Let g(h) = -3*h**2 + 75*h + 11. What are the prime factors of g(22)?
11, 19
Let c = 22 - 10. Suppose -4*a - 2*p + 6 = 0, c = a - 4*p - 12. Let z(k) = 9*k + 8. List the prime factors of z(a).
2, 11
Suppose -6*s + s + 250 = 5*h, 5*h + 2*s - 235 = 0. Suppose -632 = -4*i - 4*z, i - 3*z - h = 93. Suppose 0 = 2*f + f - i. What are the prime factors of f?
3, 17
Let m be (7/14)/(2/8). Suppose 0 = -d - m*g + 55 - 14, 0 = -g + 4. Suppose 0 = 5*p - 20, -d + 119 = 2*b + p. What are the prime factors of b?
41
Suppose -3*p + 326 = s, -29*p + 1530 = 5*s - 34*p. List the prime factors of s.
311
Let z(q) = -2*q**3 + 3*q**2 + 11*q + 16. What are the prime factors of z(-7)?
2, 193
Let f(j) be the first derivative of -31*j**4/2 + j**3/3 - j - 5. Let w be f(-1). Let h = w + -36. List the prime factors of h.
2, 13
Suppose -k = -13*q + 10*q + 4041, -5*q + 6746 = 2*k. What are the prime factors of q?
2, 337
List the prime factors of (6/(-4))/(9/(-7638)).
19, 67
Let u(x) = -x**3 - 4*x**2 + 16*x - 14. Suppose 0 = -5*f - 4 - 36. List the prime factors of u(f).
2, 3, 19
Let o(a) = a**3 - 10*a**2 - 13*a + 27. Let q be o(11). Suppose q*k = -2*k + 273. What are the prime factors of k?
3, 13
Let l(q) = q**2 + 3*q + 7. Let f be l(-2). Suppose 7*j = f*j + 84. What are the prime factors of j?
2, 3, 7
Let b = 144 - 18. Let q = 60 - b. Let s = 103 + q. What are the prime factors of s?
37
Let u be -1 - (3 - 0 - 3). Let y be ((-255)/(-10))/(u/(-2)). Suppose 0 = 6*b - 459 + y. What are the prime factors of b?
2, 17
Let x = -45 + 115. What are the prime factors of x?
2, 5, 7
Let w = 1888 - 834. What are the prime factors of w?
2, 17, 31
Suppose d = -6 + 4. List the prime factors of (57 - 12) + (-2)/d.
2, 23
What are the prime factors of 18/6*49446/54?
41, 67
Suppose -p - 6959 = -195*b + 192*b, -2327 = -b + 4*p. What are the prime factors of b?
3, 773
Let l(z) = z**2 + 1. Suppose 7*v - 5*v = -2. Let o(s) = 41*s**3 - 6*s**2 - 2*s - 6. Let t(y) = v*o(y) - 5*l(y). List the prime factors of t(-1).
41
Let t(y) = -y**3 - 9*y**2 + 9*y + 1. Let l be t(-10). Let m(q) = -q - 2 + 5 + 2*q. What are the prime factors of m(l)?
2, 7
Let w = -80 + 71. Let j = -7 - w. What are the prime factors of j?
2
Suppose -555 = -d - 4*i, -4*d + 0*i + i + 2203 = 0. List the prime factors of d.
19, 29
Let s(j) = j + 4. Let p be s(-5). Let u = -1 - p. Let m(d) = d**2 + d + 10. What are the prime factors of m(u)?
2, 5
Let k(w) be the third derivative of -w**4/12 + w**3/3 + 4*w**2. Let g be k(-1). Suppose -g*u - 1 = -13. List the prime factors of u.
3
Let l = 102 - 87. Let q = 145 - l. List the prime factors of q.
2, 5, 13
Suppose -5*i + 6299 = 2*f + 1484, -3*i + 4*f + 2889 = 0. What are the prime factors of i?
3, 107
Suppose 20*a = 12*a + 1776. Suppose 4*p - 224 = 4*g, 8*p - 4*p - a = 3*g. List the prime factors of p.
2, 3
Let w = 4869 + 938. List the prime factors of w.
5807
Let t(r) = 4*r**2 + 39*r - 2. List the prime factors of t(-14).
2, 59
Suppose 0 = 2*k - 5*o - 2883, -5*o + 7*o - 4277 = -3*k. What are the prime factors of k?
1429
Suppose -2*v - 3*p + 453 = 0, 4*v + p = -2*p + 897. Let f = v - 106. Suppose 6*r - f = 2*r. List the prime factors of r.
29
Suppose -4*j - a + 65 = 0, j - 6*a + 10 = -a. Suppose 7*c + 3*r - 45 = 3*c, 2*c - r = j. Let f = c + 4. What are the prime factors of f?
13
Suppose 12 = -3*p, -5*m = 2*p + 5 - 17. List the prime factors of 4 - -3 - m - (-86 + -2).
7, 13
Let v(c) = -c**3 - 3*c**2 + 3*c. Let s be v(-4). Suppose -3*j + 29 = 5*o, s*o + 3*j = -j + 20. What are the prime factors of o?
7
Let z(m) be the second derivative of m**4/12 + 4*m**3/3 - 3*m**2/2 + 4*m. What are the prime factors of z(-10)?
17
Let w(g) = -4*g - 7. Let s be w(-7). Let d = -9 + s. Let o = 0 + d. List the prime factors of o.
2, 3
List the prime factors of 744 - (0 - 12/(-3)).
2, 5, 37
Suppose 6*j - 2*j = 8. Suppose j*b - b - 5 = 0, -b - 21 = -2*z. List the prime factors of 1 + z + (1 - 1).
2, 7
Let o = 1887 - 355. List the prime factors of o.
2, 383
Suppose 5*g - 333 + 63 = 0. Suppose -4*m + i = -g, 0*m + 50 = 4*m - 3*i. What are the prime factors of m?
2, 7
Let n be (1 - -1)*(-10)/(-4). Suppose -130 = -5*z - n. Suppose 4*a = -x + z, -a - x = -7 + 3. List the prime factors of a.
7
Let j = 3875 + -2305. What are the prime factors of j?
2, 5, 157
Suppose 4*m + f - 15762 - 4483 = 0, 5*m - 2*f - 25303 = 0. List the prime factors of m.
3, 7, 241
Suppose 4*c = -3*q + q + 2494, 4*q = -12. List the prime factors of c.
5
Suppose 20*f = -0*f + 14120. What are the prime factors of f?
2, 353
Let i(q) = -q**3 - q**2 + 2*q + 2. Let l be i(-3). Let f = l + -12. Suppose 5*a - f = -2*y, a + y = -y - 6. List the prime factors of a.
2
Suppose 2*u = 39*u - 28009. List the prime factors of u.
757
Suppose -1482 = -5*q - g, 4*q + 2*g = -g + 1179. List the prime factors of q.
3, 11
Suppose 4*z + 3 = -a + 3*z, -2*a - 3 = 5*z. Let d be ((-15)/20)/((-1)/a). List the prime factors of (3 - -15) + (-2 - d).
19
List the prime factors of -2 - 21/(-9) - 700/(-6).
3, 13
Suppose -3789 = -19*d + 5388. What are the prime factors of d?
3, 7, 23
Let s = 9 + -3. Let a be (-5 - (-2 - -3))*(-15)/(-10). List the prime factors of a/s*(-6)/1.
3
Let l be (-2)/3 - (-1888)/(-48). Let q be (554/(-8))/(10/l). Suppose 6*k + 43 = q. List the prime factors of k.
3, 13
Let r(n) = -2*n + 40. Let b be r(20). Suppose -2*m + 0*m + 58 = b. What are the prime factors of m?
29
Let k(n) = -3*n**3 - 55*n**2 - 32*n - 22. Let g(a) = -2*a**3 - 37*a**2 - 21*a - 15. Let q(c) = 7*g(c) - 5*k(c). What are the prime factors of q(-15)?
5, 7
Let z(u) = 28*u**2 - 14*u + 125. What are the prime factors of z(6)?
1049
Suppose 4*t + 5*s = 5229, 13*s + 6567 = 5*t + 9*s. List the prime factors of t.
3, 19, 23
Let y = -22 - -6. Let d = y + 50. Let m = -28 + d. What are the prime factors of m?
2, 3
Suppose -343 = -5*j + 1622. List the prime factors of j.
3, 131
Let z be ((-6)/4)/((-18)/24). Suppose 3*t = -z*p + 93, -p - 5*t = p - 99. Suppose 0 = m + 5*m - p. What are the prime factors of m?
7
What are the prime factors of (-1)/(-2) + (-134300)/(-136)?
2, 13, 19
Suppose 4*b - 6*b = -74